j + g. What is the units digit of n?
6
What is the hundreds digit of 7675/((13 + -11)*(-3)/(-6))?
6
Let y(h) = h + 24. Let r be y(-20). Suppose -376 = 3*c - 5*c + 3*j, 0 = -r*c + 4*j + 748. Let b = 317 - c. What is the hundreds digit of b?
1
Let f(m) = -m**3 + 31*m**2 - 60*m + 60. Let r be f(29). Suppose 0 = z + r*z - 4*i - 559, z + 5*i - 199 = 0. What is the tens digit of z?
8
Let w = 47 + -45. Suppose 0 = -4*o + 5*u - 5, 20 = 5*o + u - 2*u. Suppose -o*b + 6 = -w*b. What is the units digit of b?
2
Suppose 15*l - 38529 - 110526 = 117585. What is the units digit of l?
6
Let r(w) = -3967*w + 541. What is the tens digit of r(-2)?
7
Let d = -55 - -60. Suppose 0 = -2*o + 2*v - 3*v + 32, -o = d*v - 25. What is the units digit of o?
5
Suppose -29*t + 8040 = -24*t. Suppose -2*d + t = 4*a, -3*a - 4*d + 1188 = -7*d. Suppose 404 = 3*k - 5*n, 3*k - a = -n + 5*n. What is the units digit of k?
8
Let a = 406 + -277. Suppose -a - 135 = -6*t. What is the units digit of t?
4
Suppose -4*m + 20 = 6*a - 2*a, -6 = 3*a - 4*m. What is the tens digit of 5304/12 - (a - 1)?
4
Let v be 11 - ((4 - -62)/6 + -6). What is the units digit of (16/(-4) - 92)*(-3)/v?
8
Let q(b) be the second derivative of 13*b**4/12 - b**3/3 + 3*b - 12. What is the tens digit of q(-5)?
3
Let s be (3/2)/((33/(-74))/(-11)). Let v = 198 - s. Suppose 0 = -6*u + 73 + v. What is the units digit of u?
9
Let u = -52637 - -96029. What is the tens digit of u?
9
Let b(v) = -v**3 - v**2 - 12*v - 45. Suppose 45 = -q + 38. What is the units digit of b(q)?
3
Let k(b) = b**3 - b**2 + b + 1. Let h(f) = -10*f**3 + 34*f**2 - 12*f - 4. Let w(z) = h(z) + 8*k(z). What is the hundreds digit of w(12)?
2
Let q(i) = 3*i**2 - 70*i + 331. What is the tens digit of q(-89)?
2
Let j(d) = 15*d + 2. Let b be j(1). Suppose -b*c + 19400 = -7987. What is the hundreds digit of c?
6
Suppose 0 = -5*c - 13*k + 45238, -23*k + 36177 = 4*c - 26*k. What is the thousands digit of c?
9
Suppose q - 13 = -11. Let v = 4 - q. What is the hundreds digit of (-3)/v*(-2224)/24*2?
2
Let d be 108/2430 + 4/(-90). Let k be 4/(-6) + 4/6. Suppose k = -7*b - d*b + 462. What is the units digit of b?
6
Suppose -2*y - 2*q = 1086, -5*q - 1633 = -51*y + 54*y. Let k = y - -590. What is the tens digit of k?
4
Let u(x) = 253*x**2 - x - 1. Let v be -8 - 8/(8/(-9)). What is the hundreds digit of u(v)?
2
Let g = 1547 + -767. Suppose -196*j + 212*j = 0. Suppose j = 20*r - 14*r - g. What is the tens digit of r?
3
Suppose 2*v = -96 + 92, 5*o = -4*v + 37912. What is the units digit of o?
4
Let r = 59 - 9. Suppose r = i + c - 179, -3*i = -5*c - 703. What is the hundreds digit of i?
2
Suppose 0 = -12*b + 41 + 7. Suppose k + 4 = 0, -4*k - b = 2*y - 2*k. Suppose 5*d - 191 = -y*i, -101 = -2*i - d + 78. What is the units digit of i?
8
Let z(o) = -o**2 + 2*o + 197. Let b be z(0). Suppose 8*a - 3 = b. Suppose -22*h + a*h = 285. What is the units digit of h?
5
Suppose -6240 = -17*b + 9*b. What is the tens digit of (11 - b/(-24))/(2/4)?
8
Let c = -113 + 2. Let u = 211 + c. What is the hundreds digit of u?
1
What is the thousands digit of (29426 - (0 + (4 - 9))) + -2?
9
Suppose 0 = -2*m + n - 521, 4*m - 216 + 1237 = -5*n. What is the tens digit of ((-552)/56 + 9)/(1/m)?
2
Let v = -1013 - -1889. Suppose v = 7*m - 265. Let g = m + -64. What is the tens digit of g?
9
Let x = -58 + 68. Let k(a) = 36*a - 54. What is the units digit of k(x)?
6
Suppose 11*c + 6 = 28. Suppose -c*f + 3*l = 414 - 3517, 5*l + 7750 = 5*f. What is the tens digit of f?
4
Let x be ((-4095)/20)/(-9)*4. Let n = 84 + x. Suppose -2*l + n = -3*c, 0*l + 3*c + 335 = 4*l. What is the units digit of l?
0
Suppose 0 = -2*p - 4*j - 40, p = -3*p - 4*j - 88. Let n = 2788 - 1828. What is the tens digit of (((-8)/(-10))/(-1))/(p/n)?
3
Let i(c) = -c**3 - 33*c**2 + 126*c - 119. What is the units digit of i(-41)?
3
Let b be 8/(-10) - (-133)/35. Suppose 0 = b*z - 308 - 862. What is the units digit of z?
0
Let o(u) = 139*u**2 + 6*u + 1. Let m be 144/(-69) - 28/(-322). What is the hundreds digit of o(m)?
5
Let u = 239 + -239. What is the hundreds digit of u - 261/(-2)*2?
2
Let o be 6/27 + 6/(-27). Let a(j) = j**2 - 5*j + 690. What is the tens digit of a(o)?
9
Let v = 108 - -226. Let z = v - 139. What is the tens digit of z?
9
Let v be (-8*(-198)/24)/((-3)/38). Let n = v - -1425. What is the tens digit of n?
8
Let v(m) = -94*m - 6. Let h be v(-2). Suppose -2*g - 4 = 0, 5*b - h = 4*b + g. Suppose 55*a - 60*a = -b. What is the tens digit of a?
3
Let k be 9/2 + 3/(-6). Let d = -5 + 7. Suppose 6 = -d*g, -k*v - 2*g - 3*g + 61 = 0. What is the units digit of v?
9
Let o(s) = 22*s**2 - 8*s - 22. Let j(d) = -7*d**2 + 3*d + 7. Let a(r) = -16*j(r) - 5*o(r). Suppose -5*m + 2*m + 18 = 0. What is the tens digit of a(m)?
2
Let x be 48/15 + ((-9)/(-5) - 2). Suppose 3*m + 939 = x*y, 2*y - y = -4*m + 328. What is the tens digit of y?
1
Let m = 339 + -335. Suppose -m*n - 4*x = -360, x - 2*x = -2. What is the tens digit of n?
8
Let i(t) be the third derivative of 35*t**5/12 - 5*t**4/24 - 5*t**3/3 + 84*t**2. What is the units digit of i(-2)?
0
Let i(k) = k**2 - 9*k - 6. Let b be i(10). Suppose b*g + 2*t = 24, 0 = 2*g + 5*t + 1 - 21. Let c = g - -21. What is the tens digit of c?
2
Suppose 3*x - 2*x = -2*c + 10, 0 = -3*x + 4*c. What is the tens digit of (-17199)/(-42) - (-2)/x?
1
Let o be (-8 - -77)*(5 + 1). Let r = o + 400. What is the hundreds digit of r?
8
Let k be (-157 - -8)*(-5)/5. Let o = 18 - 16. Suppose o*m + 5*r - 264 = 0, -453 = -5*m + 2*r + k. What is the tens digit of m?
2
Suppose 0 = 32*x - 1254 + 102. What is the hundreds digit of -2*(x/8*-95 + -3)?
8
Suppose -9*d = 3*y - 28047, 3*y - 28082 = -7*d + 3*d. What is the tens digit of y?
7
Let u = 2263 + -1535. Let o = -376 + u. Suppose 0 = 4*x + 4*b - o, -3*x + 198 + 71 = -2*b. What is the tens digit of x?
8
Let v(g) = -4*g - 10. Let z(t) = t + 1. Let y(b) = -v(b) - 6*z(b). Let k be y(-4). What is the units digit of (-18)/(-24)*7*k?
3
Let w be (20/(-24))/(25/30 + -1). Suppose -2*y + 3*y + w = 0, -s - y = -342. What is the units digit of s?
7
What is the tens digit of 138 - 144 - ((-1)/1 - 7179)?
7
Let c = -39 - -33. Let b be ((-246)/(-5))/(c/(-15)). Let i = b - 53. What is the units digit of i?
0
Let p(j) = j**2 - 13*j - 14. Let i = 28 - 14. Let b be p(i). Suppose b = -r + 9 + 92. What is the units digit of r?
1
Suppose 2913 - 4138 = -5*t. Suppose 0 = -3*c + 519 - 114. Let q = t - c. What is the hundreds digit of q?
1
Let r = -26 - -31. Suppose 2*h + 3*h = -4*g + 4, 0 = 4*h + 5*g - r. Suppose h = 19*w - 8*w - 132. What is the units digit of w?
2
What is the units digit of 5*-1 + 225 + 109?
9
Let b be (-6 + 7)/(3/(-69)). Let d = 29 + b. Suppose 4*n - 4 = i, 16 = -d*n + 4*n + 5*i. What is the units digit of n?
2
Let u(p) = -5*p - 8. Suppose 9*s - 11*s = -120. Let o be (2/6)/((-5)/s). What is the tens digit of u(o)?
1
Let w(j) = -8 + 339*j**2 - 25 - 16*j - 337*j**2. What is the units digit of w(-12)?
7
Let z(r) = 938*r + 2018. What is the units digit of z(9)?
0
Suppose 0 = 3*i + 15 - 105. What is the units digit of (-2601)/(-12) - i/40?
6
Suppose 4*a + 9*y - 26281 = 6*y, -y = -5*a + 32837. What is the hundreds digit of a?
5
Let m(s) = -14*s. Let a be m(-1). Suppose 2*x - 4*v = -2 + a, 3*v - 17 = -5*x. What is the tens digit of 68 - (-1 - (x - 9))?
6
Let n = 383 + -72. Suppose 3955 = n*t - 304*t. What is the tens digit of t?
6
Let z be 122*(-1)/(-2 + 1) - 2. Suppose -3*j - n = j + 96, z = -5*j - n. Let i = j - -31. What is the units digit of i?
7
Let a = -1542 + 21313. What is the ten thousands digit of a?
1
What is the thousands digit of (0 - (-4)/30) + 64/(-45)*-12756?
8
Let k = -44 - -142. Let v = k + 220. Suppose 3*c - 391 = -5*j, 0 = 4*j + 5*c - 0*c - v. What is the tens digit of j?
7
Let o be 26/(-65) - 22/(-5). Suppose q + 160 = -o*q. Let y = q - -35. What is the units digit of y?
3
Suppose -5*m = -3*p + 702 + 598, -5*m = -5*p + 2150. Let f = -135 + p. What is the units digit of f?
0
Suppose -4*s + 264 = -4*q, 0 = -5*s - 0*q - q + 330. Suppose 13*v = 12*v + s. Let n = -30 + v. What is the tens digit of n?
3
Let n be ((-183)/(-2))/((-9)/(-6)). Let x = 81 + n. What is the units digit of x?
2
Suppose -5*z + 380 = 5*j, -3*j + 0*z + z = -212. Let l(d) = -d**2 + 8*d + 29. Let s be l(10). Suppos